{"id":35004,"date":"2025-02-05T09:26:37","date_gmt":"2025-02-05T12:26:37","guid":{"rendered":"https:\/\/site.abto.org.br\/?post_type=depoimentos&#038;p=35004"},"modified":"2025-02-05T09:30:17","modified_gmt":"2025-02-05T12:30:17","slug":"ridelso-dos-santos-um-relato-comovente","status":"publish","type":"depoimentos","link":"https:\/\/site.abto.org.br\/en\/depoimentos\/ridelso-dos-santos-um-relato-comovente\/","title":{"rendered":"Ridelso dos Santos - Um relato comovente"},"content":{"rendered":"<p>Meu nome \u00e9 Ridelso dos Santos, tenho\u00a036 anos e sou transplantado renal,<br>j\u00e1\u00a0h\u00e1 14 anos. Havia ficado com insufici\u00eancia renal, devido\u00a0a uma sequela de<br>nefrite, o que me levou para a m\u00e1quina de hemodi\u00e1lise por 6,5 anos.<br>Durante esse per\u00edodo de di\u00e1lise, perdi a vis\u00e3o, devido a v\u00e1rios motivos: tinha<br>miopia de grau muito alto e, tamb\u00e9m, como principal motivo, um glaucoma,<br>devido \u00e0 press\u00e3o alta nos olhos, o que me levou a um derrame, aos 21 anos de<br>idade. Confesso que, depois de tudo isso, estava MUITO desanimado e sem<br>esperan\u00e7a, pois havia ficado cego e precisava fazer hemodi\u00e1lise.<br>Quando fui chamado para fazer o transplante, havia dentro de mim diversas<br>emo\u00e7\u00f5es, como esperan\u00e7a e receio, pois n\u00e3o sabia como seria dali para a<br>frente.<\/p>\n\n\n\n<p><br>MAS, SE FOSSE PARA RESUMIR EM APENAS UMA FRASE, O<br>TRANSPLANTE PARA MIM FOI A LIBERDADE PARA DESFRUTAR TUDO<br>QUE A VIDA TEM A OFERECER.<\/p>\n\n\n\n<p><br>Tanto que, ap\u00f3s o transplante, tornei-me atleta paraol\u00edmpico pela equipe<br>AREPID, e sou campe\u00e3o brasileiro de salto em altura, na categoria T11 para<br>pessoas com defici\u00eancia visual total.<\/p>\n\n\n\n<p><br>\u201cDOE \u00d3RG\u00c3OS, POIS ESSA DOA\u00c7\u00c3O SALVA VIDAS!\u201d<br>Ridelso dos Santos\u00a0<br>@ridelsodossantos<\/p>","protected":false},"excerpt":{"rendered":"<p>Meu nome \u00e9 Ridelso dos Santos, tenho\u00a036 anos e sou transplantado renal,j\u00e1\u00a0h\u00e1 14 anos. Havia [&hellip;]<\/p>\n","protected":false},"author":3,"featured_media":35005,"comment_status":"open","ping_status":"closed","template":"","class_list":["post-35004","depoimentos","type-depoimentos","status-publish","has-post-thumbnail","hentry"],"acf":[],"_links":{"self":[{"href":"https:\/\/site.abto.org.br\/en\/wp-json\/wp\/v2\/depoimentos\/35004","targetHints":{"allow":["GET"]}}],"collection":[{"href":"https:\/\/site.abto.org.br\/en\/wp-json\/wp\/v2\/depoimentos"}],"about":[{"href":"https:\/\/site.abto.org.br\/en\/wp-json\/wp\/v2\/types\/depoimentos"}],"author":[{"embeddable":true,"href":"https:\/\/site.abto.org.br\/en\/wp-json\/wp\/v2\/users\/3"}],"replies":[{"embeddable":true,"href":"https:\/\/site.abto.org.br\/en\/wp-json\/wp\/v2\/comments?post=35004"}],"wp:featuredmedia":[{"embeddable":true,"href":"https:\/\/site.abto.org.br\/en\/wp-json\/wp\/v2\/media\/35005"}],"wp:attachment":[{"href":"https:\/\/site.abto.org.br\/en\/wp-json\/wp\/v2\/media?parent=35004"}],"curies":[{"name":"wp","href":"https:\/\/api.w.org\/{rel}","templated":true}]}}

<p>Meu nome é Ridelso dos Santos, tenho 36 anos e sou transplantado renal,<br>já há 14 anos. Havia ficado com insuficiência renal, devido a uma sequela de<br>nefrite, o que me levou para a máquina de hemodiálise por 6,5 anos.<br>Durante esse período de diálise, perdi a visão, devido a vários motivos: tinha<br>miopia de grau muito alto e, também, como principal motivo, um glaucoma,<br>devido à pressão alta nos olhos, o que me levou a um derrame, aos 21 anos de<br>idade. Confesso que, depois de tudo isso, estava MUITO desanimado e sem<br>esperança, pois havia ficado cego e precisava fazer hemodiálise.<br>Quando fui chamado para fazer o transplante, havia dentro de mim diversas<br>emoções, como esperança e receio, pois não sabia como seria dali para a<br>frente.</p>



<p><br>MAS, SE FOSSE PARA RESUMIR EM APENAS UMA FRASE, O<br>TRANSPLANTE PARA MIM FOI A LIBERDADE PARA DESFRUTAR TUDO<br>QUE A VIDA TEM A OFERECER.</p>



<p><br>Tanto que, após o transplante, tornei-me atleta paraolímpico pela equipe<br>AREPID, e sou campeão brasileiro de salto em altura, na categoria T11 para<br>pessoas com deficiência visual total.</p>



<p><br>“DOE ÓRGÃOS, POIS ESSA DOAÇÃO SALVA VIDAS!”<br>Ridelso dos Santos <br>@ridelsodossantos</p>

<p>Meu nome é Ridelso dos Santos, tenho 36 anos e sou transplantado renal,já há 14 anos. Havia [&hellip;]</p>
