{"id":37376,"date":"2026-02-20T15:30:36","date_gmt":"2026-02-20T18:30:36","guid":{"rendered":"https:\/\/site.abto.org.br\/?post_type=depoimentos&#038;p=37376"},"modified":"2026-02-20T15:30:37","modified_gmt":"2026-02-20T18:30:37","slug":"andrea-teixeira-soares-transplantada-de-figado","status":"publish","type":"depoimentos","link":"https:\/\/site.abto.org.br\/en\/depoimentos\/andrea-teixeira-soares-transplantada-de-figado\/","title":{"rendered":"Andr\u00e9a Teixeira Soares \u2013 Transplantada de f\u00edgado"},"content":{"rendered":"<p>Tenho 62 anos, moro em S\u00e3o Paulo e, neste ano, completei 25 anos de transplante de<br>f\u00edgado.<br>Quando tinha 22 anos, comecei a ter coceiras intensas por todo o corpo e passei por<br>cinco dermatologistas, mas nenhum conseguiu fazer um diagn\u00f3stico preciso. Um deles<br>chegou at\u00e9 a receitar-me psicotr\u00f3pico dizendo que eu tinha dist\u00farbio emocional.<br>Em 1987, quando tinha 24 anos, engravidei e fiquei amarela, com as enzimas do<br>f\u00edgado alteradas, aumento muito grande da coceira e o obstetra disse que eu estava<br>com hepatite. Tomei medica\u00e7\u00e3o durante toda a gesta\u00e7\u00e3o, que foi bem dif\u00edcil, com tr\u00eas<br>amea\u00e7as de aborto e fazendo repouso absoluto, a partir do 6\u00ba m\u00eas. Quando estava no<br>8\u00ba m\u00eas, entrei em trabalho de parto e minha filha nasceu morta.<br>Meu m\u00e9dico, ent\u00e3o, passou a estudar meu caso para tentar entender o porqu\u00ea do meu<br>beb\u00ea haver morrido e deu-me o diagn\u00f3stico de colestase grav\u00eddica (a gesta\u00e7\u00e3o havia<br>causado sobrecarga no meu f\u00edgado). No entanto, n\u00e3o me disse que, certamente, eu<br>tinha algum problema maior no f\u00edgado e nem me encaminhou para um especialista<br>para investiga\u00e7\u00e3o. Continuei com coceiras no corpo e comecei a ter um cansa\u00e7o<br>excessivo.<br>Ap\u00f3s cinco anos, outro m\u00e9dico pediu-me uma s\u00e9rie de exames, que diagnosticaram<br>aplasia de medula. Iniciei um tratamento, fiz outros exames que identificaram fibrose<br>no f\u00edgado, varizes no es\u00f4fago, hipertens\u00e3o de veia porta e aumento de ba\u00e7o. Fui<br>encaminhada para a unidade de f\u00edgado do Hospital das Cl\u00ednicas (SP) e l\u00e1 iniciaram<br>uma investiga\u00e7\u00e3o para descobrir qual era a doen\u00e7a e trat\u00e1-la, por\u00e9m, n\u00e3o conseguiram<br>descobrir a causa. Fui diagnosticada com doen\u00e7a criptog\u00eanica e meu f\u00edgado foi<br>perdendo cada vez mais a fun\u00e7\u00e3o.<\/p>\n\n\n\n<p>Engravidei, novamente, em 1996 e em 1998, tendo perdido os dois beb\u00eas. Na \u00faltima<br>gesta\u00e7\u00e3o, quase morri; tive duas hemorragias g\u00e1stricas, fui para a UTI e tive infec\u00e7\u00e3o<br>hospitalar. Meus m\u00e9dicos disseram que, se eu engravidasse novamente, poderia<br>morrer e, quando me recuperei um pouco, fui submetida a uma laqueadura de<br>trompas.<br>Isto tudo s\u00f3 agravou meu quadro, que evoluiu para cirrose hep\u00e1tica e, nesse mesmo<br>ano, entrei na fila do transplante. Foi um per\u00edodo bem dif\u00edcil. Vi muitas pessoas que<br>estavam na fila, no mesmo ambulat\u00f3rio que eu, morrerem sem conseguir o<br>transplante.<br>N\u00e3o conseguia me alimentar direito, quase tudo me fazia mal, tinha crises de c\u00f3lica<br>biliar de parar no hospital, muita coceira, vivia com a pele toda machucada, crise de<br>c\u00e2imbras, tendo que tomar relaxante muscular para destravar. Precisei parar de<br>trabalhar e era muito dif\u00edcil, tamb\u00e9m, ver todo o sofrimento da minha fam\u00edlia. Tinha dias<br>que eu entrava no banho e chorava pedindo a Deus que me desse for\u00e7as para<br>continuar.<br>Mas, apesar de todas as dificuldades, Ele nunca deixou de me amparar, tendo<br>colocado em minha vida muitos anjos que me ajudaram a trilhar esse dif\u00edcil caminho<br>de aprendizado e crescimento espiritual, a come\u00e7ar pela fam\u00edlia especial que tenho,<br>minha m\u00e3e, minhas irm\u00e3s, meus amigos, minha fam\u00edlia espiritual, os donos da escola<br>que eu lecionava que me deram todo apoio e meus m\u00e9dicos maravilhoso, Dr. Paulo<br>Massarolo e Dr. Edson Abdala, que cuidaram e ainda cuidam de mim com tanta<br>dedica\u00e7\u00e3o e amor. Nunca serei capaz de agradecer o suficiente por todo amor e todos<br>cuidados que recebi.<br>Em junho de 2000, uma fam\u00edlia que perdeu um ente querido, mesmo no seu momento<br>de grande dor, permitiu que eu ganhasse uma nova chance, tivesse um recome\u00e7o e,<br>finalmente, foi realizado o meu transplante.<br>Foi um transplante dif\u00edcil, fiquei um m\u00eas internada, pois tive infec\u00e7\u00e3o hospitalar nos<br>dois pulm\u00f5es e no abdome. No quarto m\u00eas, quando fui retirar o dreno tive<br>derramamento de bile no abdome e tive que ser reoperada.<br>Posso dizer que foram oito longos e dif\u00edceis anos de acompanhamento da aplasia da<br>medula e da cirrose hep\u00e1tica. Foram muitas perdas: casamento, filhos, a continuidade<br>da minha profiss\u00e3o e o sonho de ser m\u00e3e. Mas, fui aben\u00e7oada com uma NOVA VIDA e<br>procuro viv\u00ea-la com alegria e Gratid\u00e3o por todas as outras coisas boas que tudo isto<br>me trouxe. Uma nova chance, novo casamento, duas sobrinhas lindas que s\u00e3o uma<br>luz e uma alegria na minha vida, muito aprendizado, crescimento, novos amigos,<br>novos valores e um outro olhar para a vida com a oportunidade de escrever uma nova<br>hist\u00f3ria.<br>Eu 2001, conheci a TRANSP\u00c1TICA, uma ONG de transplante de f\u00edgado, onde tive o<br>privil\u00e9gio de ser volunt\u00e1ria, por 14 anos, o que me abriu novos horizontes de<br>aprendizado e me apresentou a APAT, onde estou h\u00e1 quase 16 anos. Foi uma<br>oportunidade maravilhosa de transformar tudo que eu vivi em alguma coisa de bom.<br>Poder trazer a esperan\u00e7a a pessoas que est\u00e3o onde eu j\u00e1 estive e tentar fazer alguma<br>coisa para ajudar a melhorar a qualidade de vida delas.<\/p>\n\n\n\n<p>Agrade\u00e7o imensamente ao Dr. Tercio Genzini, Dr. Marcelo Perosa e ao Sr. Am\u00e9rico por<br>terem aberto as portas da APAT para mim e me acolhido nesta linda fam\u00edlia que \u00e9 o<br>LAR APAT, que ajuda tantas pessoas dando a elas a oportunidade de ter acesso ao<br>transplante.<br>Eu gostaria de deixar duas mensagens:<br>A primeira \u00e9 que nunca desistam da vida, nunca percam a f\u00e9 e a esperan\u00e7a.<br>A segunda: seja um doador de \u00f3rg\u00e3os, avise sua fam\u00edlia! Permita que outras pessoas<br>vivam atrav\u00e9s de voc\u00ea e continuem sua jornada com qualidade de vida.<br>Minha eterna Gratid\u00e3o \u00e0 fam\u00edlia da minha doadora e a todos que me acompanharam<br>nesta Jornada!<br>Como dizia Gonzaguinha:<br>\u201cViver \u00e9 n\u00e3o ter a vergonha de ser feliz. Eu sei que a vida devia ser bem e melhor e<br>ser\u00e1, mas isto n\u00e3o impede que eu repita, \u00e9 bonita, \u00e9 bonita e \u00e9 bonita\u201d.<br>Andrea Teixeira Soares<br>Coordenadora do Lar APAT\/ S\u00e3o Paulo- SP.<\/p>","protected":false},"excerpt":{"rendered":"<p>Tenho 62 anos, moro em S\u00e3o Paulo e, neste ano, completei 25 anos de transplante [&hellip;]<\/p>\n","protected":false},"author":18825,"featured_media":37377,"comment_status":"open","ping_status":"closed","template":"","class_list":["post-37376","depoimentos","type-depoimentos","status-publish","has-post-thumbnail","hentry"],"acf":[],"_links":{"self":[{"href":"https:\/\/site.abto.org.br\/en\/wp-json\/wp\/v2\/depoimentos\/37376","targetHints":{"allow":["GET"]}}],"collection":[{"href":"https:\/\/site.abto.org.br\/en\/wp-json\/wp\/v2\/depoimentos"}],"about":[{"href":"https:\/\/site.abto.org.br\/en\/wp-json\/wp\/v2\/types\/depoimentos"}],"author":[{"embeddable":true,"href":"https:\/\/site.abto.org.br\/en\/wp-json\/wp\/v2\/users\/18825"}],"replies":[{"embeddable":true,"href":"https:\/\/site.abto.org.br\/en\/wp-json\/wp\/v2\/comments?post=37376"}],"wp:featuredmedia":[{"embeddable":true,"href":"https:\/\/site.abto.org.br\/en\/wp-json\/wp\/v2\/media\/37377"}],"wp:attachment":[{"href":"https:\/\/site.abto.org.br\/en\/wp-json\/wp\/v2\/media?parent=37376"}],"curies":[{"name":"wp","href":"https:\/\/api.w.org\/{rel}","templated":true}]}}

Andréa Teixeira Soares – Transplantada de fígado

<p>Tenho 62 anos, moro em São Paulo e, neste ano, completei 25 anos de transplante de<br>fígado.<br>Quando tinha 22 anos, comecei a ter coceiras intensas por todo o corpo e passei por<br>cinco dermatologistas, mas nenhum conseguiu fazer um diagnóstico preciso. Um deles<br>chegou até a receitar-me psicotrópico dizendo que eu tinha distúrbio emocional.<br>Em 1987, quando tinha 24 anos, engravidei e fiquei amarela, com as enzimas do<br>fígado alteradas, aumento muito grande da coceira e o obstetra disse que eu estava<br>com hepatite. Tomei medicação durante toda a gestação, que foi bem difícil, com três<br>ameaças de aborto e fazendo repouso absoluto, a partir do 6º mês. Quando estava no<br>8º mês, entrei em trabalho de parto e minha filha nasceu morta.<br>Meu médico, então, passou a estudar meu caso para tentar entender o porquê do meu<br>bebê haver morrido e deu-me o diagnóstico de colestase gravídica (a gestação havia<br>causado sobrecarga no meu fígado). No entanto, não me disse que, certamente, eu<br>tinha algum problema maior no fígado e nem me encaminhou para um especialista<br>para investigação. Continuei com coceiras no corpo e comecei a ter um cansaço<br>excessivo.<br>Após cinco anos, outro médico pediu-me uma série de exames, que diagnosticaram<br>aplasia de medula. Iniciei um tratamento, fiz outros exames que identificaram fibrose<br>no fígado, varizes no esôfago, hipertensão de veia porta e aumento de baço. Fui<br>encaminhada para a unidade de fígado do Hospital das Clínicas (SP) e lá iniciaram<br>uma investigação para descobrir qual era a doença e tratá-la, porém, não conseguiram<br>descobrir a causa. Fui diagnosticada com doença criptogênica e meu fígado foi<br>perdendo cada vez mais a função.</p>



<p>Engravidei, novamente, em 1996 e em 1998, tendo perdido os dois bebês. Na última<br>gestação, quase morri; tive duas hemorragias gástricas, fui para a UTI e tive infecção<br>hospitalar. Meus médicos disseram que, se eu engravidasse novamente, poderia<br>morrer e, quando me recuperei um pouco, fui submetida a uma laqueadura de<br>trompas.<br>Isto tudo só agravou meu quadro, que evoluiu para cirrose hepática e, nesse mesmo<br>ano, entrei na fila do transplante. Foi um período bem difícil. Vi muitas pessoas que<br>estavam na fila, no mesmo ambulatório que eu, morrerem sem conseguir o<br>transplante.<br>Não conseguia me alimentar direito, quase tudo me fazia mal, tinha crises de cólica<br>biliar de parar no hospital, muita coceira, vivia com a pele toda machucada, crise de<br>câimbras, tendo que tomar relaxante muscular para destravar. Precisei parar de<br>trabalhar e era muito difícil, também, ver todo o sofrimento da minha família. Tinha dias<br>que eu entrava no banho e chorava pedindo a Deus que me desse forças para<br>continuar.<br>Mas, apesar de todas as dificuldades, Ele nunca deixou de me amparar, tendo<br>colocado em minha vida muitos anjos que me ajudaram a trilhar esse difícil caminho<br>de aprendizado e crescimento espiritual, a começar pela família especial que tenho,<br>minha mãe, minhas irmãs, meus amigos, minha família espiritual, os donos da escola<br>que eu lecionava que me deram todo apoio e meus médicos maravilhoso, Dr. Paulo<br>Massarolo e Dr. Edson Abdala, que cuidaram e ainda cuidam de mim com tanta<br>dedicação e amor. Nunca serei capaz de agradecer o suficiente por todo amor e todos<br>cuidados que recebi.<br>Em junho de 2000, uma família que perdeu um ente querido, mesmo no seu momento<br>de grande dor, permitiu que eu ganhasse uma nova chance, tivesse um recomeço e,<br>finalmente, foi realizado o meu transplante.<br>Foi um transplante difícil, fiquei um mês internada, pois tive infecção hospitalar nos<br>dois pulmões e no abdome. No quarto mês, quando fui retirar o dreno tive<br>derramamento de bile no abdome e tive que ser reoperada.<br>Posso dizer que foram oito longos e difíceis anos de acompanhamento da aplasia da<br>medula e da cirrose hepática. Foram muitas perdas: casamento, filhos, a continuidade<br>da minha profissão e o sonho de ser mãe. Mas, fui abençoada com uma NOVA VIDA e<br>procuro vivê-la com alegria e Gratidão por todas as outras coisas boas que tudo isto<br>me trouxe. Uma nova chance, novo casamento, duas sobrinhas lindas que são uma<br>luz e uma alegria na minha vida, muito aprendizado, crescimento, novos amigos,<br>novos valores e um outro olhar para a vida com a oportunidade de escrever uma nova<br>história.<br>Eu 2001, conheci a TRANSPÁTICA, uma ONG de transplante de fígado, onde tive o<br>privilégio de ser voluntária, por 14 anos, o que me abriu novos horizontes de<br>aprendizado e me apresentou a APAT, onde estou há quase 16 anos. Foi uma<br>oportunidade maravilhosa de transformar tudo que eu vivi em alguma coisa de bom.<br>Poder trazer a esperança a pessoas que estão onde eu já estive e tentar fazer alguma<br>coisa para ajudar a melhorar a qualidade de vida delas.</p>



<p>Agradeço imensamente ao Dr. Tercio Genzini, Dr. Marcelo Perosa e ao Sr. Américo por<br>terem aberto as portas da APAT para mim e me acolhido nesta linda família que é o<br>LAR APAT, que ajuda tantas pessoas dando a elas a oportunidade de ter acesso ao<br>transplante.<br>Eu gostaria de deixar duas mensagens:<br>A primeira é que nunca desistam da vida, nunca percam a fé e a esperança.<br>A segunda: seja um doador de órgãos, avise sua família! Permita que outras pessoas<br>vivam através de você e continuem sua jornada com qualidade de vida.<br>Minha eterna Gratidão à família da minha doadora e a todos que me acompanharam<br>nesta Jornada!<br>Como dizia Gonzaguinha:<br>“Viver é não ter a vergonha de ser feliz. Eu sei que a vida devia ser bem e melhor e<br>será, mas isto não impede que eu repita, é bonita, é bonita e é bonita”.<br>Andrea Teixeira Soares<br>Coordenadora do Lar APAT/ São Paulo- SP.</p>

<p>Tenho 62 anos, moro em São Paulo e, neste ano, completei 25 anos de transplante [&hellip;]</p>
